13
-542b40
Convert 10011102101 (base 3) to base 12.
30054
What is 8785b (base 12) in base 10?
179207
What is -143742 (base 10) in base 15?
-2c8cc
18a203 (base 13) to base 5
124401332
-89ef8 (base 16) to base 11
-356532
-1599bb (base 13) to base 6
-15251214
Convert 6270846 (base 9) to base 8.
14625421
134200521 (base 6) to base 7
32064154
What is -111020021102201 (base 3) in base 5?
-3300013000
What is 3021022 (base 4) in base 9?
18584
What is 1145147 (base 8) in base 13?
acb99
2030369 (base 10) to base 13
561203
What is 82a12 (base 11) in base 7?
1012544
What is -1111223233 (base 4) in base 12?
-14b127
-806119 (base 10) to base 2
-11000100110011100111
Convert 12726170 (base 9) to base 14.
b95694
-6366126 (base 7) to base 15
-103ed3
What is -21402000 (base 5) in base 14?
-4b3d7
What is 501344 (base 7) in base 4?
110221031
What is -1404232 (base 6) in base 3?
-10222222102
What is -3540336 (base 7) in base 9?
-750750
-25954 (base 10) to base 8
-62542
What is 10020000022022 (base 3) in base 6?
100412525
Convert 2471602 (base 8) to base 12.
290456
-8e3de (base 15) to base 11
-28a4a0
Convert 4536074 (base 9) to base 5.
1111221013
What is -414213200 (base 5) in base 10?
-1710425
-7041119 (base 11) to base 13
-2773a68
What is -745991 (base 11) in base 9?
-2218475
10012333022 (base 4) to base 11
676348
What is 11211110112011 (base 3) in base 13?
6bbaa4
-323741 (base 10) to base 14
-85da5
-14690a (base 13) to base 10
-500250
Convert -fe2e80 (base 16) to base 2.
-111111100010111010000000
-1502352 (base 6) to base 12
-419b8
What is 19858a (base 16) in base 9?
3128318
What is -3330730 (base 10) in base 7?
-40211404
What is 51613044 (base 7) in base 13?
b8c368
What is 301ab35 (base 12) in base 11?
5096030
-12001212122 (base 3) to base 2
-11000010111000110
What is -11101101101110100 (base 2) in base 14?
-32500
What is 20023001 (base 4) in base 8?
101301
Convert -32523134 (base 6) to base 7.
-11201302
Convert -11000011010111111 (base 2) to base 4.
-120122333
What is -10401424323 (base 5) in base 6?
-1043235424
What is -412240100 (base 5) in base 12?
-690722
What is -32d9f3 (base 16) in base 2?
-1100101101100111110011
1689133 (base 10) to base 5
413023013
What is 16160672 (base 8) in base 15?
4d9802
Convert 1046331 (base 7) to base 11.
8930a
What is 1231123333 (base 4) in base 6?
13335131
-100101101011011011 (base 2) to base 5
-14414311
What is -c738a (base 14) in base 3?
-220102200111
What is 1751252 (base 8) in base 13?
14c481
Convert 136358 (base 10) to base 9.
227038
What is -1301101321 (base 4) in base 10?
-463993
-10101001111100111 (base 2) to base 5
-10241030
What is 28fc24 (base 16) in base 2?
1010001111110000100100
Convert 31434520 (base 7) to base 5.
1140224330
Convert 33420344 (base 5) to base 2.
1001000000010111011
Convert 1340114232 (base 5) to base 8.
15102231
-12102211002 (base 3) to base 16
-1a216
Convert -1864617 (base 11) to base 12.
-10811b7
Convert 41a8ac (base 13) to base 4.
11313102231
What is -2788483 (base 10) in base 3?
-12020200002011
Convert -354750 (base 9) to base 12.
-a3660
Convert 71228 (base 9) to base 14.
13100
What is 9330189 (base 11) in base 3?
1010222211102202
What is 10162001 (base 7) in base 13?
23c4a4
-125847 (base 10) to base 2
-11110101110010111
-5437733 (base 8) to base 13
-3c0907
Convert -587feb (base 16) to base 6.
-324151243
Convert 79312 (base 11) to base 7.
655550
What is 19a5c (base 15) in base 10?
83337
1001124 (base 5) to base 2
11110110101101
What is -106664 (base 7) in base 13?
-8984
-228231 (base 10) to base 7
-1640253
-94571 (base 10) to base 9
-153648
-21523041 (base 6) to base 3
-1012221210221
-12335918 (base 10) to base 7
-206565530
Convert -111120221101 (base 3) to base 10.
-267499
What is 130322 (base 7) in base 14?
8b49
-3314402 (base 8) to base 15
-129093
-32b45 (base 13) to base 9
-150164
Convert 101001000011001010111 (base 2) to base 14.
2702b5
What is -35555 (base 7) in base 5?
-243303
Convert 423837 (base 12) to base 2.
11111110101011101011
What is -4040166 (base 8) in base 14?
-1da210
43868 (base 15) to base 2
110100010111111011
What is -304914 (base 10) in base 6?
-10311350
What is 11101102102122 (base 3) in base 2?
1000111001000100101111
Convert -532832 (base 9) to base 12.
-13359b
1250335 (base 6) to base 12
339ab
-3f0eba (base 16) to base 10
-4132538
-626842 (base 9) to base 3
-200220221102
Convert 12002210211 (base 3) to base 12.
4a17a
Convert 110011011011111100 (base 2) to base 12.
a1b10
941a0a4 (base 11) to base 13
359a254
-4a539 (base 12) to base 7
-600300
-11890639 (base 10) to base 14
-1817475
Convert 261266 (base 7) to base 13.
19106
Convert -4bc (base 14) to base 4.
-32312
What is 20002022120 (base 3) in base 11?
81aa8
Convert 101011110101000110 (base 2) to base 4.
223311012
1302103 (base 4) to base 7
30220
What is 2a1a4 (base 15) in base 3?
20212201001
-12120012112112 (base 3) to base 2
-1011010001110011000111
-1562239 (base 15) to base 10
-15498504
-201133331112 (base 4) to base 2
-100001011111111101010110
-1011110011010000010 (base 2) to base 11
-244587
478503 (base 10) to base 14
c654b
-13112203311 (base 4) to base 15
-281143
-111000101011011100 (base 2) to base 11
-149471
What is 11000100012011 (base 3) in base 10?
2132464
-4883b (base 15) to base 2
-111000011110111100
Convert 122201101022 (base 3) to base 14.
91140
What is -100212435 (base 6) in base 3?
-10012012221012
What is 41789 (base 13) in base 9?
188448
-21164263 (base 7) to base 5
-430004323
Convert -13b2267 (base 12) to base 10.
-3964399
What is -3b23090 (base 13) in base 6?
-1503134544
Convert -4321281 (base 9) to base 10.
-2316997
Convert 2083823 (base 13) to base 8.
45564436
2120144331 (base 5) to base 11
2576407
-5a1948 (base 11) to base 16
-e8f19
Convert 93132 (base 13) to base 8.
1003252
What is -206043 (base 11) in base 6?
-11024223
Convert 1042445 (base 7) to base 5.
13100133
Convert -74694 (base 14) to base 12.
-11688a
Convert 1c273d0 (base 14) to base 4.
311231203222
2022a4a (base 13) to base 16
944496
-111100110010110000101 (base 2) to base 11
-1140742
Convert 112111133 (base 4) to base 11.
62810
What is 41451 (base 11) in base 14?
1804b
56db2a (base 15) to base 9
7720564
11001011011111111000 (base 2) to base 13
232517
Convert -12020120122 (base 3) to base 7.
-606623
Convert -3475b (base 14) to base 3.
-20111010210
Convert -52ba0 (base 14) to base 8.
-606270
413916 (base 10) to base 14
aabb6
What is 10035114 (base 8) in base 6?
113134044
800117 (base 9) to base 3
220000010121
Convert 101101100001010101 (base 2) to base 11.
1180a3
What is 6c7be5 (base 15) in base 13?
10c945a
Convert -80870 (base 9) to base 16.
-cfcf
21866 (base 16) to base 14
38086
31456 (base 15) to base 8
461107
What is -7994cb (base 15) in base 8?
-26105334
Convert -1024442012 (base 5) to base 13.
-5b767c
What is -45487 (base 13) in base 4?
-132301000
23302a (base 11) to base 13
cc585
100001101100000011100001 (base 2) to base 13
1aa2882
Convert -1320731 (base 8) to base 5.
-43302423
-55d4e (base 15) to base 8
-1025147
What is -154155 (base 9) in base 2?
-10111001010110101
-14402214 (base 7) to base 2
-101001100100011110010
What is 324b9b (base 13) in base 6?
41155104
What is -877001 (base 11) in base 7?
-14621153
Convert -10100100000100100110 (base 2) to base 4.
-2210010212
Convert -5044c (base 14) to base 4.
-233012210
What is 857679 (base 13) in base 7?
35413215
-134345 (base 7) to base 2
-110001111011010
Convert -202320405 (base 6) to base 14.
-667a05
Convert 10001101001110010000 (base 2) to base 9.
1071430
Convert -79464 (base 12) to base 10.
-161356
What is -21212103213 (base 4) in base 10?
-2516199
Convert 53a9 (base 12) to base 13.
425a
2011122120112 (base 3) to base 6
40424322
ac6c6 (base 13) to base 7
2442655
What is -6bb98 (base 13) in base 3?
-101000221110
c19952 (base 16) to base 5
11222001243
What is -1072012 (base 9) in base 2?
-10001101010100010101
Convert -b4b5 (base 12) to base 7.
-111332
What is -15a6c5 (base 15) in base 16?
-ffce9
Convert -6372474 (base 8) to base 6.
-100243500
Convert 10002100111202 (base 3) to base 9.
3070452
What is 3c29 (base 15) in base 14?
498c
-142354 (base 7) to base 6
-330151
-262510061 (base 7) to base 11
-952a614
-101241413 (base 5) to base 16
-65601
-20210012100111 (base 3) to base 16
-